e hundreds digit of p?
8
Let x(a) be the first derivative of 7*a**4/4 - 2*a**3/3 - 2*a - 1. What is the tens digit of x(2)?
4
Suppose -5558 = 9*f - 23*f. What is the hundreds digit of f?
3
Let u = -1008 + 2360. What is the hundreds digit of u?
3
Let a = 234 - 138. Suppose -240 = -2*f - a. What is the tens digit of f?
7
What is the tens digit of (-22)/(6/(-249)*(-2 - -3))?
1
Let m(z) be the third derivative of 2*z**5/15 - z**3/6 + 8*z**2. What is the units digit of m(-1)?
7
Let f = 985 - 535. Suppose 0 = -11*z + 6*z + f. Suppose m - z = -4*m. What is the units digit of m?
8
Let q(n) = -n**3 + 15*n**2 + 14*n + 35. Let p be q(16). Suppose p*y - 5*m - 376 = 0, 15 = -5*m + 35. What is the hundreds digit of y?
1
Let o(i) = 2*i**2 + 14*i + 17. Let v be o(-9). Suppose -3*m - v + 227 = 0. What is the tens digit of m?
5
Let z be ((-3)/(-6))/(2/12). Suppose -80 - 85 = -z*w. Suppose w + 41 = 4*k. What is the units digit of k?
4
Let w = 519 + 251. What is the tens digit of w?
7
What is the tens digit of (-12)/(-10)*5970/9?
9
Let y = -46 - -85. Suppose y - 401 = -2*w. What is the tens digit of w?
8
Let g = 9751 + -5338. What is the units digit of g?
3
What is the tens digit of -4 - (-2)/4*1468?
3
Suppose c = 4*g + 13, 0 = -2*g + 4*c - 9*c + 21. What is the tens digit of (6/(-9)*1)/(g/333)?
1
Let f be 6/(1/2*3). Suppose 0 = g - f. Suppose -2*y + 1 = g*c - 9, -5*c = 2*y - 8. What is the units digit of y?
9
Suppose -g = -5*w - 8, -4*g - 4*w = -7*g + 13. Suppose g*m = 4*m + 4. Let q(a) = -9*a - 9. What is the tens digit of q(m)?
2
Let x = -115 + 123. What is the tens digit of 1234/x - (-19)/(-76)?
5
Suppose -6132 = -12*x - 2*x. What is the units digit of x?
8
Let w = 34 + 102. What is the units digit of w?
6
Suppose -2*g = -c - 0 + 2, -3*g = 0. Suppose -6*d + 63 = -111. Let f = c + d. What is the tens digit of f?
3
What is the tens digit of (-14 + 2 - -7) + -2 + 24?
1
Suppose 0 = 10*w - 65 + 25. What is the tens digit of (-94)/(2 - (-4 + 4 + w))?
4
Suppose 81*u - 87*u + 25032 = 0. What is the tens digit of u?
7
Let b be ((-321)/4)/((-30)/80). Suppose 66 = 5*z - b. What is the units digit of z?
6
Suppose 1174 = 3*s + 331. What is the tens digit of s?
8
Let i = -99 - -104. Suppose 709 = i*j - 541. What is the tens digit of j?
5
Let b(r) = -282*r - 76. What is the thousands digit of b(-4)?
1
Let b = -23 - -25. Let o = b + 35. What is the tens digit of o?
3
Let g be (-6)/(-4)*50/(-15). Let a be -5 + 2 - (-2 + g). Suppose -104 = -3*s + s + 2*d, 4 = -a*d. What is the units digit of s?
1
Let t(s) = 37*s**2 + 57*s + 19. What is the hundreds digit of t(11)?
1
What is the hundreds digit of 1*(-313)/3*-3?
3
Suppose -15*w = 42*w - 111777. What is the units digit of w?
1
Suppose -2*s - 2*m = -344, -5*s = 2*m - 122 - 729. What is the units digit of s?
9
Let g(m) = -m**2 - 8*m - 4. Let q be g(-8). Let k(c) = 10*c**2 - 13*c - 34. What is the units digit of k(q)?
8
Let d = 22 - 15. Suppose -d = -2*n - 2*m + 3, 0 = -3*n - m + 17. What is the units digit of n?
6
Suppose -5*k - 72 = -9*k. Let c = 37 - k. What is the tens digit of c?
1
What is the tens digit of 193 + -12 + 2/1?
8
Let t(m) = 1049*m + 474. What is the thousands digit of t(2)?
2
Let r(k) be the second derivative of 17/12*k**4 + 0 + 0*k**2 - 12*k + 1/6*k**3. What is the units digit of r(1)?
8
Let l(u) = 2*u + 9. Let r be l(-3). What is the units digit of 4/(r - 47/16)?
4
Suppose -4*o + 0 = -4, 3*o = r - 490. What is the units digit of r?
3
Let w(q) = -6*q + 6. Let d be w(-4). Suppose 2*r + 5*i = 29 + 6, i - d = -5*r. Suppose -3*j - 3*u - 40 = -5*j, -5*u = r*j - 100. What is the tens digit of j?
2
Let l(j) be the first derivative of j**5/30 - j**4/24 - 4*j**3/3 + 4. Let f(a) be the third derivative of l(a). What is the units digit of f(5)?
9
Let p be (-39 - 1)/4 + -4. What is the units digit of -2*p*35/20?
9
Suppose -1648*i + 1657*i - 13545 = 0. What is the units digit of i?
5
Suppose 3*f = 0, -4*r + 9*r - 3*f + 15 = 0. Let z = r + 52. What is the units digit of z?
9
Let p(m) = -23*m**3 + m**2 - 4*m - 4. Let t be p(-2). Let n be t/18*(-6)/(-4). Suppose 11*l = n*l - 15. What is the units digit of l?
3
Let s(v) be the second derivative of -8*v**3/3 - 9*v**2/2 + 3*v. What is the units digit of s(-14)?
5
Let d = 243 - 67. What is the units digit of d?
6
Let m = -1102 + 2498. What is the thousands digit of m?
1
Suppose 4*m = -32 - 32. What is the tens digit of (m - -20) + (-86)/(-1)?
9
Let r(v) = 13*v**2 - 30*v - 3. What is the tens digit of r(7)?
2
Let u(p) = 2*p + 6. Let h be u(-5). What is the units digit of -2 - (4 + -5) - h?
3
Suppose 4*f = -5*x - 23, 32 = -5*f - 2*x - x. Let w(p) = -p**2 + 5*p + 1. Let z be w(5). Let y = z - f. What is the units digit of y?
8
Suppose -249 = 3*f - 2*r, -3*f + 3*r - 249 = -0*r. Suppose -615 = -0*b - 5*b. Let s = b + f. What is the units digit of s?
0
Let q = -363 - -1161. What is the hundreds digit of q?
7
Let u = 18 - 12. Let l be (-4 - u/(-2))*5. What is the units digit of (-34)/(l/(5/2))?
7
What is the units digit of (-1)/(-3)*(-8892)/(-57)?
2
Suppose 0 = -4*r - 4, -3*d - 4*r = -d - 1400. What is the units digit of d?
2
Suppose 4*y + 187 + 300 = -j, -124 = y - 2*j. What is the tens digit of 3 + -1 + ((-12)/3 - y)?
2
Let o be 4/((-9)/(36/(-8))). Suppose y - 122 = -o*p - 7, 0 = -5*p - y + 286. What is the units digit of p?
7
Let w(v) = v**3 + 6*v**2 - 3*v + 5. Let h be w(-6). Let x = 20 - h. What is the units digit of -68*((-15)/(-6) + x)?
4
Suppose 0 = 5*b - 9 - 1. What is the units digit of 41/(b - 2/2)?
1
Let c be 12 + -68 - (1 + 0). Let u be (264/10)/(3/(-10)). Let g = c - u. What is the tens digit of g?
3
Let b(d) = -2*d**2 - 1. Let s be b(-1). Suppose 2*w - 5*l - 17 = 0, 0 = -4*w - 4*l - 5 - 3. What is the units digit of (w + s)/(-2) - -15?
6
Let s(g) = 2*g**3 - 7*g**3 - 2*g**2 + 1 + 4*g**3 + 7*g + 4. What is the units digit of s(-4)?
9
Suppose 3*t = -4 + 13. Let v = 0 - 1. What is the units digit of v + 1/(t/12)?
3
Let r be (-6)/(-4)*(-20)/(-3). Suppose -4*x + 2*x = -r. Suppose 0 = -5*i + 4*q + 101 + 149, -x*q = 25. What is the units digit of i?
6
Let h(d) = -16*d + 65. Let i(s) = -3*s + 13. Let q(p) = -2*h(p) + 11*i(p). What is the units digit of q(10)?
3
Let v = -136 - -280. Suppose -v = -5*t + t. What is the units digit of t?
6
Let o(x) be the second derivative of x**5/20 - 13*x**4/12 - 7*x**3/3 + x**2 - 6*x. Let h be o(14). Let z = h + 10. What is the units digit of z?
2
Let u = -20 - -22. Suppose 2*b = -u*b + 80. What is the units digit of b?
0
Suppose 0 = -6*p + 85174 + 22742. What is the hundreds digit of (-1)/4 - p/(-136)?
1
Suppose 0 = m - 236 + 5. What is the tens digit of m?
3
Let w be 2 + -1 - (-4)/4. Suppose -t + w = 0, 0*x + 4*t - 17 = -3*x. What is the units digit of 19 - ((x - 4) + 0)?
0
Let n(d) = -2*d**2 + 6*d + 784. What is the tens digit of n(0)?
8
Let f = 1454 - 926. What is the hundreds digit of f?
5
Let t(v) = -820 + 412 + 11*v**3 + 3*v**2 + 409 - 3*v. Suppose 3*p + 9 = 0, 3*d - d - 4*p - 14 = 0. What is the tens digit of t(d)?
1
Let l(i) = 10*i - 1. Let z be l(1). Let y = z - -8. What is the units digit of y?
7
Let l = -1227 - -3309. What is the thousands digit of l?
2
Suppose 463 = l + 3*r, -2*l + 7*l - 2295 = -5*r. What is the tens digit of l?
5
Let y be 0 + (29 - -3) - -3. Suppose 2*s = -3*n + 2*n + y, -4 = s. What is the units digit of n?
3
Let z(d) = -29*d + 3. Let m be z(-4). Let a be (-34)/m - 360/14. Let i = a + 51. What is the units digit of i?
5
Let z(f) = -f + 4. Let j be z(4). Suppose 2*k = 3 + 13. Suppose v + v - k = j. What is the units digit of v?
4
Let n(w) = w**2 + 1. Let p(r) = -11*r**2 - 7. Let i(z) = -4*n(z) - p(z). What is the units digit of i(2)?
1
Suppose 4*k + 2*d = 168, 2*d = -4*k - 2*d + 172. Suppose 20 = -5*n + 2*j + 189, n - k = -2*j. What is the tens digit of n?
3
Suppose -593 = -h - 5*t - 103, -966 = -2*h + 4*t. What is the hundreds digit of h?
4
Let k = 3 + 3. Suppose 9*o = k*o + 9. Suppose -o*q + 15 = 2*q. What is the units digit of q?
3
Suppose -r + 2783 = 3*d, -3*d + 2 - 17 = 0. What is the hundreds digit of r?
7
Let q(t) = -3*t + 8. Let g be q(4). Let d(p) = 3*p**2 + 4*p + 5. Let x be d(g). Suppose r + 48 = f, -4*f + x = r - 140. What is the units digit of f?
5
Let o = 722 + -322. What is the hundreds digit of o?
4
L